y 123135?
807
Calculate the remainder when 901821 is divided by 37575.
21
What is the remainder when 78752 is divided by 17407?
9124
What is the remainder when 37907408 is divided by 173?
167
Calculate the remainder when 27050832 is divided by 6762696.
48
Calculate the remainder when 197084 is divided by 9353.
671
Calculate the remainder when 1189292 is divided by 4894.
50
What is the remainder when 10621 is divided by 777?
520
Calculate the remainder when 279299 is divided by 2821.
20
Calculate the remainder when 3822569 is divided by 15.
14
What is the remainder when 625377 is divided by 19?
11
What is the remainder when 19481 is divided by 3863?
166
Calculate the remainder when 1298940 is divided by 72163.
6
Calculate the remainder when 3259436 is divided by 37892.
724
Calculate the remainder when 19205621 is divided by 18.
17
What is the remainder when 30190 is divided by 2554?
2096
What is the remainder when 65875 is divided by 253?
95
What is the remainder when 1484799 is divided by 1124?
1119
Calculate the remainder when 109716 is divided by 75.
66
What is the remainder when 424799 is divided by 180?
179
What is the remainder when 723931 is divided by 964?
931
What is the remainder when 2610749 is divided by 723?
719
Calculate the remainder when 3027001 is divided by 10261.
6
Calculate the remainder when 22558992 is divided by 228.
216
Calculate the remainder when 242288 is divided by 805.
788
Calculate the remainder when 6425973 is divided by 713996.
9
Calculate the remainder when 1215187 is divided by 2636.
2627
What is the remainder when 5135204 is divided by 1283796?
20
Calculate the remainder when 2237962 is divided by 657.
220
Calculate the remainder when 215928 is divided by 71757.
657
What is the remainder when 240116 is divided by 960?
116
What is the remainder when 32288 is divided by 5375?
38
Calculate the remainder when 75753 is divided by 1241.
52
Calculate the remainder when 442422 is divided by 77.
57
What is the remainder when 22153652 is divided by 18446?
6
What is the remainder when 5129835 is divided by 1107?
1104
Calculate the remainder when 741533 is divided by 185381.
9
Calculate the remainder when 3403320 is divided by 43080.
0
Calculate the remainder when 66324157 is divided by 81.
61
What is the remainder when 113266 is divided by 37603?
457
Calculate the remainder when 52033 is divided by 65.
33
What is the remainder when 17318693 is divided by 35?
28
Calculate the remainder when 57503 is divided by 9399.
1109
What is the remainder when 189976 is divided by 989?
88
What is the remainder when 13702722 is divided by 19?
17
Calculate the remainder when 2555720 is divided by 2373.
2372
What is the remainder when 64610409 is divided by 7?
3
Calculate the remainder when 10649 is divided by 10602.
47
What is the remainder when 1296460 is divided by 23572?
0
What is the remainder when 284911 is divided by 3313?
3306
Calculate the remainder when 807620 is divided by 62123.
21
What is the remainder when 645899 is divided by 7520?
6699
What is the remainder when 111379874 is divided by 37126620?
14
What is the remainder when 2849773 is divided by 356?
349
What is the remainder when 237724 is divided by 555?
184
Calculate the remainder when 14034969 is divided by 77115.
39
Calculate the remainder when 6794133 is divided by 32.
21
What is the remainder when 44879 is divided by 9447?
7091
What is the remainder when 699358 is divided by 116438?
730
Calculate the remainder when 4117368 is divided by 4117354.
14
What is the remainder when 1785955 is divided by 127568?
3
Calculate the remainder when 3155536 is divided by 282.
238
What is the remainder when 6371157 is divided by 6371154?
3
Calculate the remainder when 71111 is divided by 126.
47
Calculate the remainder when 1448750 is divided by 58.
26
What is the remainder when 39782 is divided by 4010?
3692
What is the remainder when 20433023 is divided by 92?
7
Calculate the remainder when 11848927 is divided by 11848903.
24
Calculate the remainder when 368546 is divided by 45.
41
What is the remainder when 2852549 is divided by 889?
637
What is the remainder when 57799490 is divided by 1090556?
22
What is the remainder when 5565111 is divided by 1088?
1079
Calculate the remainder when 351825 is divided by 117237.
114
What is the remainder when 14272821 is divided by 78?
69
What is the remainder when 177682 is divided by 5540?
402
What is the remainder when 35064 is divided by 4932?
540
Calculate the remainder when 1583432 is divided by 60863.
994
What is the remainder when 828400 is divided by 69025?
100
What is the remainder when 1341566 is divided by 111797?
2
Calculate the remainder when 21947986 is divided by 221.
34
What is the remainder when 3682495 is divided by 12?
7
What is the remainder when 72374284 is divided by 4?
0
Calculate the remainder when 7132868 is divided by 1783199.
72
Calculate the remainder when 12098522 is divided by 298.
20
Calculate the remainder when 168656 is divided by 969.
50
Calculate the remainder when 35695427 is divided by 35695423.
4
Calculate the remainder when 655105 is divided by 2127.
2116
Calculate the remainder when 226240 is divided by 73.
13
Calculate the remainder when 7785482 is divided by 570.
422
What is the remainder when 2299038 is divided by 360?
78
Calculate the remainder when 67633 is divided by 3348.
673
Calculate the remainder when 1037481 is divided by 345657.
510
Calculate the remainder when 1432207 is divided by 27.
19
Calculate the remainder when 612398430 is divided by 1198.
1196
Calculate the remainder when 12988344 is divided by 498.
6
What is the remainder when 462917 is divided by 389?
7
What is the remainder when 1071241 is divided by 4?
1
What is the remainder when 15053454 is divided by 1572?
1554
What is the remainder when 521950 is divided by 1048?
46
What is the remainder when 422363 is divided by 59846?
3441
What is the remainder when 5341036 is divided by 9022?
12
Calculate the remainder when 753199 is divided by 125531.
13
Calculate the remainder when 214888 is divided by 214804.
84
Calculate the remainder when 1049326 is divided by 5069.
43
What is the remainder when 28097259 is divided by 2803?
2790
Calculate the remainder when 9793353 is divided by 3264444.
21
Calculate the remainder when 1242318 is divided by 1242316.
2
Calculate the remainder when 75823 is divided by 815.
28
What is the remainder when 214226 is divided by 53553?
14
What is the remainder when 229714 is divided by 38161?
748
Calculate the remainder when 37020 is divided by 14822.
7376
Calculate the remainder when 919336 is divided by 4974.
4120
Calculate the remainder when 2631433 is divided by 259.
252
Calculate the remainder when 240481 is divided by 302.
89
What is the remainder when 7329242 is divided by 1161?
1010
Calculate the remainder when 230648478 is divided by 3759.
3756
What is the remainder when 120449988 is divided by 122?
120
Calculate the remainder when 967517 is divided by 1039.
208
Calculate the remainder when 1804738 is divided by 785.
23
Calculate the remainder when 9933352 is divided by 4007.
4006
Calculate the remainder when 792056 is divided by 8814.
7610
What is the remainder when 170632 is divided by 801?
19
Calculate the remainder when 488931 is divided by 2570.
631
What is the remainder when 36541318 is divided by 3894?
22
What is the remainder when 2268447 is divided by 756148?
3
What is the remainder when 62771 is divided by 380?
71
Calculate the remainder when 481717 is divided by 20944.
5
What is the remainder when 2158854 is divided by 196248?
126
What is the remainder when 5676441 is divided by 140?
1
Calculate the remainder when 4714953 is divided by 10053.
96
Calculate the remainder when 795969 is divided by 452.
449
What is the remainder when 134141147 is divided by 4780?
7
Calculate the remainder when 251905 is divided by 25190.
5
Calculate the remainder when 18262983 is divided by 767.
713
What is the remainder when 8112665 is divided by 737513?
22
What is the remainder when 7872238 is divided by 86508?
10
What is the remainder when 806724 is divided by 406?
2
What is the remainder when 5163706 is divided by 1721227?
25
What is the remainder when 483940 is divided by 80648?
52
Calculate the r